{"id":5703,"date":"2015-07-15T14:38:15","date_gmt":"2015-07-15T13:38:15","guid":{"rendered":"https:\/\/www.philipsereclame.nl\/shop\/?page_id=5703"},"modified":"2015-08-16T14:30:03","modified_gmt":"2015-08-16T13:30:03","slug":"venray","status":"publish","type":"page","link":"https:\/\/www.philipsereclame.nl\/shop\/venray\/","title":{"rendered":"Totaalleverancier van visuele communicatie in Venray"},"content":{"rendered":"[vc_row][vc_column][vc_column_text]\n<h2>Verschillende manieren van reclame in Venray<\/h2>\n<p>Bij Philipse Reclame helpen wij onze klanten in Venray bij het bepalen van een geschikte en effici\u00ebnte methode voor het verspreiden van hun reclameboodschap. Reclame maken is namelijk \u00e9\u00e9n ding, maar u moet natuurlijk wel de juiste doelgroep bereiken. Hiervoor is het van belang om de juiste strategie te bedenken. Dat is het werk dat wij bij Philipse Reclame voor onze rekening nemen. De uiteindelijke keuze voor het soort reclame is natuurlijk altijd aan u, maar wij vervullen graag een adviserende rol en begeleiden u in Venray intensief in het gehele proces van ontwerp tot oplevering.<br \/>\n[\/vc_column_text][vc_row_inner][vc_column_inner width=&#8221;1\/2&#8243;][vc_column_text]\n<h3>Vormen van reclame<\/h3>\n<p>Om ervoor te zorgen dat onze klanten uit Venray de juiste doelgroep bereiken, hebben ze de keuze uit diverse vormen van <a title=\"Visuele communicatie Venray\" href=\"https:\/\/www.philipsereclame.nl\/shop\/visuele-communicatie\/\">visuele communicatie<\/a>. Bij Philipse Reclame leveren wij diverse producten en diensten die bij kunnen dragen aan het vergroten van de naamsbekendheid van onze klant. Zo kan de klant kiezen voor een <a title=\"Spandoek Venray\" href=\"https:\/\/www.philipsereclame.nl\/shop\/spandoek\/\">spandoek<\/a>, <a title=\"Reclamebord Venray\" href=\"https:\/\/www.philipsereclame.nl\/shop\/reclamebord\/\">reclameborden<\/a> of voor diverse vormen van <a title=\"Buitenreclame Venray\" href=\"https:\/\/www.philipsereclame.nl\/shop\/buitenreclame\/\">buitenreclame<\/a>. Deze laatste reclamestrategie wordt vaak op \u00e9\u00e9n plaats gemonteerd en zijn bestand tegen vele weersomstandigheden. Bovengenoemde producten leveren wij in Venray in diverse uitvoeringen. Meer weten? Vul direct ons contactformulier in.<\/p>\n<h3>Beletteren<\/h3>\n<p>Geheel naar keuze van onze klant in Venray kunnen wij bij Philipse Reclame reclame ook aanbrengen op diverse ondergronden, zoals glas. Zo kunnen wij bijvoorbeeld ramen en deuren beplakken met afbeeldingen en teksten in de meest uiteenlopende kleuren en lettertypen. Deze vorm van reclame wordt <a title=\"Belettering Venray\" href=\"https:\/\/www.philipsereclame.nl\/shop\/belettering\/\">belettering<\/a> genoemd en kan behalve op glas ook op andere ondergronden worden uitgevoerd. Zo kunnen wij bijvoorbeeld uw <a title=\"Auto beletteren Venray\" href=\"https:\/\/www.philipsereclame.nl\/shop\/auto-beletteren\/\">auto beletteren<\/a>, waardoor u, zelfs als u onderweg bent, werkt aan het vergroten van uw naamsbekendheid.<\/p>\n<h3>Tevreden klanten<\/h3>\n<p>Als u meer informatie wilt over ons bedrijf of over onze producten en diensten, staat het u altijd vrij om contact met ons op te nemen. Dit kan door te bellen naar +31 485800686\u00a0of het contact formulier in te vullen op onze website. Klantvriendelijkheid en service staan bij ons hoog in het vaandel en wij doen er dan ook alles aan om onze klanten in Venray tevreden te stellen.[\/vc_column_text][\/vc_column_inner][vc_column_inner width=&#8221;1\/2&#8243;][vc_column_text]<img decoding=\"async\" class=\"alignnone size-full wp-image-5519\" src=\"https:\/\/www.philipsereclame.nl\/shop\/wp-content\/uploads\/2015\/07\/RVS_Banier_vlak60.png\" alt=\"Totaalleverancier van visuele communicatie in Venray\" width=\"100%\" height=\"100%\" srcset=\"https:\/\/www.philipsereclame.nl\/shop\/wp-content\/uploads\/2015\/07\/RVS_Banier_vlak60.png 600w, https:\/\/www.philipsereclame.nl\/shop\/wp-content\/uploads\/2015\/07\/RVS_Banier_vlak60-300x300.png 300w, https:\/\/www.philipsereclame.nl\/shop\/wp-content\/uploads\/2015\/07\/RVS_Banier_vlak60-100x100.png 100w, https:\/\/www.philipsereclame.nl\/shop\/wp-content\/uploads\/2015\/07\/RVS_Banier_vlak60-150x150.png 150w\" sizes=\"(max-width: 600px) 100vw, 600px\" \/>[\/vc_column_text][vc_column_text]<img decoding=\"async\" class=\"alignnone size-full wp-image-5894\" src=\"https:\/\/www.philipsereclame.nl\/shop\/wp-content\/uploads\/2015\/07\/banner-3.png\" alt=\"Totaalleverancier van visuele communicatie in Venray\" width=\"100%\" height=\"100%\" srcset=\"https:\/\/www.philipsereclame.nl\/shop\/wp-content\/uploads\/2015\/07\/banner-3.png 625w, https:\/\/www.philipsereclame.nl\/shop\/wp-content\/uploads\/2015\/07\/banner-3-600x368.png 600w, https:\/\/www.philipsereclame.nl\/shop\/wp-content\/uploads\/2015\/07\/banner-3-300x184.png 300w\" sizes=\"(max-width: 625px) 100vw, 625px\" \/>[\/vc_column_text][\/vc_column_inner][\/vc_row_inner][\/vc_column][\/vc_row]\n","protected":false},"excerpt":{"rendered":"<p>[vc_row][vc_column][vc_column_text] Verschillende manieren van reclame in Venray Bij Philipse Reclame helpen wij onze klanten in Venray bij het bepalen van een geschikte<\/p>\n","protected":false},"author":5,"featured_media":0,"parent":0,"menu_order":0,"comment_status":"closed","ping_status":"closed","template":"","meta":{"_acf_changed":false,"footnotes":""},"class_list":["post-5703","page","type-page","status-publish","hentry"],"acf":[],"yoast_head":"<!-- This site is optimized with the Yoast SEO plugin v25.0 - https:\/\/yoast.com\/wordpress\/plugins\/seo\/ -->\n<title>Totaalleverancier van visuele communicatie in Venray - Shop Philipse Reclame<\/title>\n<meta name=\"description\" content=\"Philipse Reclame helpt u bij het bepalen, ontwerpen en ontwikkelen van een reclamestrategie op maat en levert producten en diensten in Venray.\" \/>\n<meta name=\"robots\" content=\"index, follow, max-snippet:-1, max-image-preview:large, max-video-preview:-1\" \/>\n<link rel=\"canonical\" href=\"https:\/\/www.philipsereclame.nl\/shop\/venray\/\" \/>\n<meta property=\"og:locale\" content=\"nl_NL\" \/>\n<meta property=\"og:type\" content=\"article\" \/>\n<meta property=\"og:title\" content=\"Totaalleverancier van visuele communicatie in Venray - Shop Philipse Reclame\" \/>\n<meta property=\"og:description\" content=\"Philipse Reclame helpt u bij het bepalen, ontwerpen en ontwikkelen van een reclamestrategie op maat en levert producten en diensten in Venray.\" \/>\n<meta property=\"og:url\" content=\"https:\/\/www.philipsereclame.nl\/shop\/venray\/\" \/>\n<meta property=\"og:site_name\" content=\"Shop Philipse Reclame\" \/>\n<meta property=\"article:publisher\" content=\"https:\/\/www.facebook.com\/Philipsereclame\" \/>\n<meta property=\"article:modified_time\" content=\"2015-08-16T13:30:03+00:00\" \/>\n<meta property=\"og:image\" content=\"https:\/\/www.philipsereclame.nl\/shop\/wp-content\/uploads\/2015\/07\/RVS_Banier_vlak60.png\" \/>\n\t<meta property=\"og:image:width\" content=\"600\" \/>\n\t<meta property=\"og:image:height\" content=\"600\" \/>\n\t<meta property=\"og:image:type\" content=\"image\/png\" \/>\n<meta name=\"twitter:card\" content=\"summary_large_image\" \/>\n<meta name=\"twitter:label1\" content=\"Est. reading time\" \/>\n\t<meta name=\"twitter:data1\" content=\"2 minuten\" \/>\n<script type=\"application\/ld+json\" class=\"yoast-schema-graph\">{\"@context\":\"https:\/\/schema.org\",\"@graph\":[{\"@type\":\"WebPage\",\"@id\":\"https:\/\/www.philipsereclame.nl\/shop\/venray\/\",\"url\":\"https:\/\/www.philipsereclame.nl\/shop\/venray\/\",\"name\":\"Totaalleverancier van visuele communicatie in Venray - Shop Philipse Reclame\",\"isPartOf\":{\"@id\":\"https:\/\/www.philipsereclame.nl\/shop\/#website\"},\"primaryImageOfPage\":{\"@id\":\"https:\/\/www.philipsereclame.nl\/shop\/venray\/#primaryimage\"},\"image\":{\"@id\":\"https:\/\/www.philipsereclame.nl\/shop\/venray\/#primaryimage\"},\"thumbnailUrl\":\"https:\/\/www.philipsereclame.nl\/shop\/wp-content\/uploads\/2015\/07\/RVS_Banier_vlak60.png\",\"datePublished\":\"2015-07-15T13:38:15+00:00\",\"dateModified\":\"2015-08-16T13:30:03+00:00\",\"description\":\"Philipse Reclame helpt u bij het bepalen, ontwerpen en ontwikkelen van een reclamestrategie op maat en levert producten en diensten in Venray.\",\"breadcrumb\":{\"@id\":\"https:\/\/www.philipsereclame.nl\/shop\/venray\/#breadcrumb\"},\"inLanguage\":\"nl-NL\",\"potentialAction\":[{\"@type\":\"ReadAction\",\"target\":[\"https:\/\/www.philipsereclame.nl\/shop\/venray\/\"]}]},{\"@type\":\"ImageObject\",\"inLanguage\":\"nl-NL\",\"@id\":\"https:\/\/www.philipsereclame.nl\/shop\/venray\/#primaryimage\",\"url\":\"https:\/\/www.philipsereclame.nl\/shop\/wp-content\/uploads\/2015\/07\/RVS_Banier_vlak60.png\",\"contentUrl\":\"https:\/\/www.philipsereclame.nl\/shop\/wp-content\/uploads\/2015\/07\/RVS_Banier_vlak60.png\",\"width\":600,\"height\":600,\"caption\":\"Venray\"},{\"@type\":\"BreadcrumbList\",\"@id\":\"https:\/\/www.philipsereclame.nl\/shop\/venray\/#breadcrumb\",\"itemListElement\":[{\"@type\":\"ListItem\",\"position\":1,\"name\":\"Home\",\"item\":\"https:\/\/www.philipsereclame.nl\/shop\/\"},{\"@type\":\"ListItem\",\"position\":2,\"name\":\"Totaalleverancier van visuele communicatie in Venray\"}]},{\"@type\":\"WebSite\",\"@id\":\"https:\/\/www.philipsereclame.nl\/shop\/#website\",\"url\":\"https:\/\/www.philipsereclame.nl\/shop\/\",\"name\":\"Shop Philipse Reclame\",\"description\":\"Totaalleverancier van visuele communicatie\",\"publisher\":{\"@id\":\"https:\/\/www.philipsereclame.nl\/shop\/#organization\"},\"potentialAction\":[{\"@type\":\"SearchAction\",\"target\":{\"@type\":\"EntryPoint\",\"urlTemplate\":\"https:\/\/www.philipsereclame.nl\/shop\/?s={search_term_string}\"},\"query-input\":{\"@type\":\"PropertyValueSpecification\",\"valueRequired\":true,\"valueName\":\"search_term_string\"}}],\"inLanguage\":\"nl-NL\"},{\"@type\":\"Organization\",\"@id\":\"https:\/\/www.philipsereclame.nl\/shop\/#organization\",\"name\":\"Philipse Reclame\",\"url\":\"https:\/\/www.philipsereclame.nl\/shop\/\",\"logo\":{\"@type\":\"ImageObject\",\"inLanguage\":\"nl-NL\",\"@id\":\"https:\/\/www.philipsereclame.nl\/shop\/#\/schema\/logo\/image\/\",\"url\":\"https:\/\/www.philipsereclame.nl\/shop\/wp-content\/uploads\/2020\/12\/Philipse-Reclame.gif\",\"contentUrl\":\"https:\/\/www.philipsereclame.nl\/shop\/wp-content\/uploads\/2020\/12\/Philipse-Reclame.gif\",\"width\":250,\"height\":134,\"caption\":\"Philipse Reclame\"},\"image\":{\"@id\":\"https:\/\/www.philipsereclame.nl\/shop\/#\/schema\/logo\/image\/\"},\"sameAs\":[\"https:\/\/www.facebook.com\/Philipsereclame\",\"https:\/\/www.instagram.com\/jeroen_philipsereclame\/\",\"https:\/\/www.linkedin.com\/company\/10336850\"]}]}<\/script>\n<!-- \/ Yoast SEO plugin. -->","yoast_head_json":{"title":"Totaalleverancier van visuele communicatie in Venray - Shop Philipse Reclame","description":"Philipse Reclame helpt u bij het bepalen, ontwerpen en ontwikkelen van een reclamestrategie op maat en levert producten en diensten in Venray.","robots":{"index":"index","follow":"follow","max-snippet":"max-snippet:-1","max-image-preview":"max-image-preview:large","max-video-preview":"max-video-preview:-1"},"canonical":"https:\/\/www.philipsereclame.nl\/shop\/venray\/","og_locale":"nl_NL","og_type":"article","og_title":"Totaalleverancier van visuele communicatie in Venray - Shop Philipse Reclame","og_description":"Philipse Reclame helpt u bij het bepalen, ontwerpen en ontwikkelen van een reclamestrategie op maat en levert producten en diensten in Venray.","og_url":"https:\/\/www.philipsereclame.nl\/shop\/venray\/","og_site_name":"Shop Philipse Reclame","article_publisher":"https:\/\/www.facebook.com\/Philipsereclame","article_modified_time":"2015-08-16T13:30:03+00:00","og_image":[{"width":600,"height":600,"url":"https:\/\/www.philipsereclame.nl\/shop\/wp-content\/uploads\/2015\/07\/RVS_Banier_vlak60.png","type":"image\/png"}],"twitter_card":"summary_large_image","twitter_misc":{"Est. reading time":"2 minuten"},"schema":{"@context":"https:\/\/schema.org","@graph":[{"@type":"WebPage","@id":"https:\/\/www.philipsereclame.nl\/shop\/venray\/","url":"https:\/\/www.philipsereclame.nl\/shop\/venray\/","name":"Totaalleverancier van visuele communicatie in Venray - Shop Philipse Reclame","isPartOf":{"@id":"https:\/\/www.philipsereclame.nl\/shop\/#website"},"primaryImageOfPage":{"@id":"https:\/\/www.philipsereclame.nl\/shop\/venray\/#primaryimage"},"image":{"@id":"https:\/\/www.philipsereclame.nl\/shop\/venray\/#primaryimage"},"thumbnailUrl":"https:\/\/www.philipsereclame.nl\/shop\/wp-content\/uploads\/2015\/07\/RVS_Banier_vlak60.png","datePublished":"2015-07-15T13:38:15+00:00","dateModified":"2015-08-16T13:30:03+00:00","description":"Philipse Reclame helpt u bij het bepalen, ontwerpen en ontwikkelen van een reclamestrategie op maat en levert producten en diensten in Venray.","breadcrumb":{"@id":"https:\/\/www.philipsereclame.nl\/shop\/venray\/#breadcrumb"},"inLanguage":"nl-NL","potentialAction":[{"@type":"ReadAction","target":["https:\/\/www.philipsereclame.nl\/shop\/venray\/"]}]},{"@type":"ImageObject","inLanguage":"nl-NL","@id":"https:\/\/www.philipsereclame.nl\/shop\/venray\/#primaryimage","url":"https:\/\/www.philipsereclame.nl\/shop\/wp-content\/uploads\/2015\/07\/RVS_Banier_vlak60.png","contentUrl":"https:\/\/www.philipsereclame.nl\/shop\/wp-content\/uploads\/2015\/07\/RVS_Banier_vlak60.png","width":600,"height":600,"caption":"Venray"},{"@type":"BreadcrumbList","@id":"https:\/\/www.philipsereclame.nl\/shop\/venray\/#breadcrumb","itemListElement":[{"@type":"ListItem","position":1,"name":"Home","item":"https:\/\/www.philipsereclame.nl\/shop\/"},{"@type":"ListItem","position":2,"name":"Totaalleverancier van visuele communicatie in Venray"}]},{"@type":"WebSite","@id":"https:\/\/www.philipsereclame.nl\/shop\/#website","url":"https:\/\/www.philipsereclame.nl\/shop\/","name":"Shop Philipse Reclame","description":"Totaalleverancier van visuele communicatie","publisher":{"@id":"https:\/\/www.philipsereclame.nl\/shop\/#organization"},"potentialAction":[{"@type":"SearchAction","target":{"@type":"EntryPoint","urlTemplate":"https:\/\/www.philipsereclame.nl\/shop\/?s={search_term_string}"},"query-input":{"@type":"PropertyValueSpecification","valueRequired":true,"valueName":"search_term_string"}}],"inLanguage":"nl-NL"},{"@type":"Organization","@id":"https:\/\/www.philipsereclame.nl\/shop\/#organization","name":"Philipse Reclame","url":"https:\/\/www.philipsereclame.nl\/shop\/","logo":{"@type":"ImageObject","inLanguage":"nl-NL","@id":"https:\/\/www.philipsereclame.nl\/shop\/#\/schema\/logo\/image\/","url":"https:\/\/www.philipsereclame.nl\/shop\/wp-content\/uploads\/2020\/12\/Philipse-Reclame.gif","contentUrl":"https:\/\/www.philipsereclame.nl\/shop\/wp-content\/uploads\/2020\/12\/Philipse-Reclame.gif","width":250,"height":134,"caption":"Philipse Reclame"},"image":{"@id":"https:\/\/www.philipsereclame.nl\/shop\/#\/schema\/logo\/image\/"},"sameAs":["https:\/\/www.facebook.com\/Philipsereclame","https:\/\/www.instagram.com\/jeroen_philipsereclame\/","https:\/\/www.linkedin.com\/company\/10336850"]}]}},"_links":{"self":[{"href":"https:\/\/www.philipsereclame.nl\/shop\/wp-json\/wp\/v2\/pages\/5703","targetHints":{"allow":["GET"]}}],"collection":[{"href":"https:\/\/www.philipsereclame.nl\/shop\/wp-json\/wp\/v2\/pages"}],"about":[{"href":"https:\/\/www.philipsereclame.nl\/shop\/wp-json\/wp\/v2\/types\/page"}],"author":[{"embeddable":true,"href":"https:\/\/www.philipsereclame.nl\/shop\/wp-json\/wp\/v2\/users\/5"}],"replies":[{"embeddable":true,"href":"https:\/\/www.philipsereclame.nl\/shop\/wp-json\/wp\/v2\/comments?post=5703"}],"version-history":[{"count":10,"href":"https:\/\/www.philipsereclame.nl\/shop\/wp-json\/wp\/v2\/pages\/5703\/revisions"}],"predecessor-version":[{"id":6287,"href":"https:\/\/www.philipsereclame.nl\/shop\/wp-json\/wp\/v2\/pages\/5703\/revisions\/6287"}],"wp:attachment":[{"href":"https:\/\/www.philipsereclame.nl\/shop\/wp-json\/wp\/v2\/media?parent=5703"}],"curies":[{"name":"wp","href":"https:\/\/api.w.org\/{rel}","templated":true}]}}